{"id":1930,"date":"2018-02-10T07:30:49","date_gmt":"2018-02-10T07:30:49","guid":{"rendered":"http:\/\/simplexportal.ro\/tehetseg.ro\/?page_id=1930"},"modified":"2018-07-21T19:34:20","modified_gmt":"2018-07-21T19:34:20","slug":"matematika-versenyek","status":"publish","type":"page","link":"https:\/\/simplexportal.ro\/tehetseg.ro\/?page_id=1930","title":{"rendered":"Matematika versenyek"},"content":{"rendered":"<p><strong>Matematikaversenyek Erd\u00e9lyben<\/strong><\/p>\n<p>Ezen az oldalon \u00f6sszegy\u0171jt\u00f6tt\u00fck n\u00e9h\u00e1ny matematikaverseny feladatait (illetve n\u00e9h\u00e1ny esetben a megold\u00e1sokat is). C\u00e9lunk az, hogy a k\u00fcl\u00f6nb\u00f6z\u0151 versenyekre k\u00e9sz\u00fcl\u0151 di\u00e1kok \u00e9s felk\u00e9sz\u00edt\u0151 tan\u00e1raik sz\u00e1m\u00e1ra egyszer\u0171bben el\u00e9rhet\u0151v\u00e9 tegy\u00fck a feladatsorokat. A gy\u0171jtem\u00e9ny nem teljes, de folyamatosan b\u0151v\u00fcl. Aki szervez\u0151k\u00e9nt szeretn\u00e9, hogy a versenye itt is el\u00e9rhet\u0151 legyen, k\u00e9rj\u00fck, \u00edrjon az Erd\u00e9lyi Tehets\u00e9gseg\u00edt\u0151 Tan\u00e1cs e-mail c\u00edm\u00e9re: e<em>tehetsegtanacs@gmail.com<\/em><\/p>\n<p><a href=\"https:\/\/simplexportal.ro\/tehetseg.ro\/?page_id=1955\">Erd\u00e9lyi Magyar Matematikaverseny, V\u2013VIII. oszt\u00e1ly<\/a><\/p>\n<p><a href=\"https:\/\/simplexportal.ro\/tehetseg.ro\/?page_id=1934\">Erd\u00e9lyi Magyar Matematikaverseny, IX\u2013XII. oszt\u00e1ly<br \/>\n<\/a><br \/>\n<a href=\"https:\/\/simplexportal.ro\/tehetseg.ro\/?page_id=1953\">Dezs\u0151 G\u00e1bor Eml\u00e9kverseny <\/a><\/p>\n<p><a href=\"https:\/\/simplexportal.ro\/tehetseg.ro\/?page_id=1941\">Bolyai J\u00e1nos Eml\u00e9kverseny<\/a><\/p>\n<p><a href=\"https:\/\/simplexportal.ro\/tehetseg.ro\/?page_id=1951\">V\u00e1lyi Gyula Eml\u00e9kverseny<\/a><\/p>\n","protected":false},"excerpt":{"rendered":"<p> <a class=\"continue-reading-link\" href=\"https:\/\/simplexportal.ro\/tehetseg.ro\/?page_id=1930\">Tartalomhoz&#8230; <span class=\"meta-nav\">&rarr; <\/span><\/a><\/p>\n","protected":false},"author":1,"featured_media":1161,"parent":0,"menu_order":0,"comment_status":"closed","ping_status":"closed","template":"","meta":{"footnotes":""},"class_list":["post-1930","page","type-page","status-publish","has-post-thumbnail","hentry"],"_links":{"self":[{"href":"https:\/\/simplexportal.ro\/tehetseg.ro\/index.php?rest_route=\/wp\/v2\/pages\/1930","targetHints":{"allow":["GET"]}}],"collection":[{"href":"https:\/\/simplexportal.ro\/tehetseg.ro\/index.php?rest_route=\/wp\/v2\/pages"}],"about":[{"href":"https:\/\/simplexportal.ro\/tehetseg.ro\/index.php?rest_route=\/wp\/v2\/types\/page"}],"author":[{"embeddable":true,"href":"https:\/\/simplexportal.ro\/tehetseg.ro\/index.php?rest_route=\/wp\/v2\/users\/1"}],"replies":[{"embeddable":true,"href":"https:\/\/simplexportal.ro\/tehetseg.ro\/index.php?rest_route=%2Fwp%2Fv2%2Fcomments&post=1930"}],"version-history":[{"count":10,"href":"https:\/\/simplexportal.ro\/tehetseg.ro\/index.php?rest_route=\/wp\/v2\/pages\/1930\/revisions"}],"predecessor-version":[{"id":1992,"href":"https:\/\/simplexportal.ro\/tehetseg.ro\/index.php?rest_route=\/wp\/v2\/pages\/1930\/revisions\/1992"}],"wp:featuredmedia":[{"embeddable":true,"href":"https:\/\/simplexportal.ro\/tehetseg.ro\/index.php?rest_route=\/wp\/v2\/media\/1161"}],"wp:attachment":[{"href":"https:\/\/simplexportal.ro\/tehetseg.ro\/index.php?rest_route=%2Fwp%2Fv2%2Fmedia&parent=1930"}],"curies":[{"name":"wp","href":"https:\/\/api.w.org\/{rel}","templated":true}]}}