{"id":1512,"date":"2013-10-16T11:31:46","date_gmt":"2013-10-16T09:31:46","guid":{"rendered":"http:\/\/simplexportal.ro\/?page_id=1512"},"modified":"2013-10-16T21:55:35","modified_gmt":"2013-10-16T19:55:35","slug":"sajto","status":"publish","type":"page","link":"https:\/\/simplexportal.ro\/?page_id=1512","title":{"rendered":"Visszhang"},"content":{"rendered":"<p>Tev\u00e9kenys\u00e9geink m\u00e9dia visszhangja:<\/p>\n<p><a href=\"http:\/\/szabadsag.ro\/szabadsag\/servlet\/szabadsag\/template\/article%2CPArticleScreen.vm\/id\/96770\"> Tehets\u00e9gnap a B\u00e1thory Istv\u00e1n Elm\u00e9leti L\u00edceumban<\/a><br \/>\n<a href=\"http:\/\/www.cs.ubbcluj.ro\/matematikai-tehetsegnap-a-bathory-istvan-elmeleti-liceumban\/\">Matematikai tehets\u00e9gnap a B\u00e1thory Istv\u00e1n Elm\u00e9leti L\u00edceumban<\/a><br \/>\n<a href=\"http:\/\/www.youtube.com\/watch?v=2DjF-bVPFMg\">Matematika k\u00f6r Kolozsv\u00e1r \u00e9s k\u00f6rny\u00e9ke tehets\u00e9ges di\u00e1kjainak &#8211; Interj\u00fa Szil\u00e1gyi Judittal<\/a><br \/>\n<a href=\"http:\/\/www.kronika.ro\/archivum\/offline\/cikk\/167025\/iv-matematikai-tehetsegnap\">IV. Matematikai Tehets\u00e9gnap a M\u00e1rton \u00c1ron Gimn\u00e1ziumban<\/a><br \/>\n<a href=\"http:\/\/eletmod.transindex.ro\/?hir=18725\">Matematikai ki\u00e1ll\u00edt\u00e1s \u00e9s logikai j\u00e1tsz\u00f3h\u00e1z a cs\u00edki Sapienti\u00e1n<\/a><br \/>\n<a href=\"http:\/\/www.e-nepujsag.ro\/op\/article\/rendhagy%C3%B3-v%C3%A1lyi-gyula-k%C3%B6r\">Rendhagy\u00f3 V\u00e1lyi Gyula k\u00f6r (2013. \u00e1prilis 27.)  &#8211; felh\u00edv\u00e1s<\/a><br \/>\n<a href=\"http:\/\/www.e-nepujsag.ro\/op\/article\/k%C3%ADv%C3%A1ncsis%C3%A1gvez%C3%A9relt-matematikatev%C3%A9kenys%C3%A9gek-v%C3%A1lyi-gyula-matematikak%C3%B6r%C3%B6n\">K\u00edv\u00e1ncsis\u00e1gvez\u00e9relt matematimatika tev\u00e9kenys\u00e9gek a V\u00e1lyi Gyula matematikak\u00f6r\u00f6n (2012. december 8.)<\/a><br \/>\n<a href=\"http:\/\/www.didaktika.ro\/hirek\/153-kivancsisagvezerelt-matematikatanitas\">K\u00edv\u00e1ncsis\u00e1gvez\u00e9relt foglalkoz\u00e1sok a Florea Bogdan Gimn\u00e1ziumban<\/a><br \/>\n<a href=\"http:\/\/www.szekelyhon.ro\/aktualis\/csikszek\/matematikai-tehetsegnap-csikszeredaban\">Matematikai Tehets\u00e9gnap a M\u00e1rton \u00c1ron Gimn\u00e1ziumban (2012. okt\u00f3ber 27.) &#8211; besz\u00e1mol\u00f3<\/a><br \/>\n<a href=\"http:\/\/www.szekelyhon.ro\/videos\/view\/1855\/matematikai-tehetsegnap-csikszeredaban.html\">Matematikai Tehets\u00e9gnap a M\u00e1rton \u00c1ron Gimn\u00e1ziumban (2012. okt\u00f3ber 27.) &#8211; vide\u00f3<\/a><br \/>\n<a href=\"http:\/\/www.szekelyhon.ro\/magazin\/tobb-mint-kilencven-ifju-matematikus-csikszeredaban\">Matematikai Tehets\u00e9gnap a M\u00e1rton \u00c1ron Gimn\u00e1ziumban (2011. okt\u00f3ber 22.) &#8211; besz\u00e1mol\u00f3<\/a><br \/>\n<a href=\"http:\/\/www.szekelyhon.ro\/videos\/view\/1081\/matematikai-tehetsegnap-a-mag-ban.html\">Matematikai Tehets\u00e9gnap a M\u00e1rton \u00c1ron Gimn\u00e1ziumban (2011. okt\u00f3ber 22.) &#8211; vide\u00f3<\/a><br \/>\n<a href=\"http:\/\/www.szekelyhon.ro\/magazin\/matematikai-tehetsegnap-a-marton-aron-gimnaziumban\">Matematikai Tehets\u00e9gnap a M\u00e1rton \u00c1ron Gimn\u00e1ziumban (2011. okt\u00f3ber 22.) &#8211; felh\u00edv\u00e1s<\/a><br \/>\n<a href=\"http:\/\/www.szekelyhon.ro\/aktualis\/udvarhelyszek\/elkezdodott-az-ifju-tehetsegek-akademiaja\">Ifj\u00fa tehets\u00e9gek akad\u00e9mi\u00e1ja 2. (2012) &#8211; besz\u00e1mol\u00f3 <\/a><br \/>\n<a href=\"http:\/\/www.youtube.com\/watch?v=ny8lrbMPyVQ\">Ifj\u00fa tehets\u00e9gek akad\u00e9mi\u00e1ja 2. (2012) &#8211; vide\u00f3 (az udvarhelyi Digit\u00e1l 3 TV tud\u00f3s\u00edt\u00e1sa)<\/a><br \/>\n<a href=\"http:\/\/www.szekelyhon.ro\/aktualis\/udvarhelyszek\/ifju-tehetsegek-akademiaja-szekelyudvarhelyen\">Ifj\u00fa tehets\u00e9gek akad\u00e9mi\u00e1ja 1. (2011)<\/a><\/p>\n","protected":false},"excerpt":{"rendered":"<p>Tev\u00e9kenys\u00e9geink m\u00e9dia visszhangja: Tehets\u00e9gnap a B\u00e1thory Istv\u00e1n Elm\u00e9leti L\u00edceumban Matematikai tehets\u00e9gnap a B\u00e1thory Istv\u00e1n Elm\u00e9leti L\u00edceumban Matematika k\u00f6r Kolozsv\u00e1r \u00e9s k\u00f6rny\u00e9ke tehets\u00e9ges di\u00e1kjainak &#8211; Interj\u00fa Szil\u00e1gyi Judittal IV. Matematikai Tehets\u00e9gnap a M\u00e1rton \u00c1ron Gimn\u00e1ziumban Matematikai ki\u00e1ll\u00edt\u00e1s \u00e9s logikai j\u00e1tsz\u00f3h\u00e1z a cs\u00edki Sapienti\u00e1n Rendhagy\u00f3 V\u00e1lyi Gyula k\u00f6r (2013. \u00e1prilis 27.) &#8211; felh\u00edv\u00e1s K\u00edv\u00e1ncsis\u00e1gvez\u00e9relt matematimatika tev\u00e9kenys\u00e9gek a [&hellip;]<\/p>\n","protected":false},"author":4,"featured_media":0,"parent":0,"menu_order":0,"comment_status":"open","ping_status":"open","template":"","meta":{"footnotes":""},"class_list":["post-1512","page","type-page","status-publish","hentry"],"_links":{"self":[{"href":"https:\/\/simplexportal.ro\/index.php?rest_route=\/wp\/v2\/pages\/1512","targetHints":{"allow":["GET"]}}],"collection":[{"href":"https:\/\/simplexportal.ro\/index.php?rest_route=\/wp\/v2\/pages"}],"about":[{"href":"https:\/\/simplexportal.ro\/index.php?rest_route=\/wp\/v2\/types\/page"}],"author":[{"embeddable":true,"href":"https:\/\/simplexportal.ro\/index.php?rest_route=\/wp\/v2\/users\/4"}],"replies":[{"embeddable":true,"href":"https:\/\/simplexportal.ro\/index.php?rest_route=%2Fwp%2Fv2%2Fcomments&post=1512"}],"version-history":[{"count":11,"href":"https:\/\/simplexportal.ro\/index.php?rest_route=\/wp\/v2\/pages\/1512\/revisions"}],"predecessor-version":[{"id":1528,"href":"https:\/\/simplexportal.ro\/index.php?rest_route=\/wp\/v2\/pages\/1512\/revisions\/1528"}],"wp:attachment":[{"href":"https:\/\/simplexportal.ro\/index.php?rest_route=%2Fwp%2Fv2%2Fmedia&parent=1512"}],"curies":[{"name":"wp","href":"https:\/\/api.w.org\/{rel}","templated":true}]}}

<p>Tevékenységeink média visszhangja:</p>
<p><a href="http://szabadsag.ro/szabadsag/servlet/szabadsag/template/article%2CPArticleScreen.vm/id/96770"> Tehetségnap a Báthory István Elméleti Líceumban</a><br />
<a href="http://www.cs.ubbcluj.ro/matematikai-tehetsegnap-a-bathory-istvan-elmeleti-liceumban/">Matematikai tehetségnap a Báthory István Elméleti Líceumban</a><br />
<a href="http://www.youtube.com/watch?v=2DjF-bVPFMg">Matematika kör Kolozsvár és környéke tehetséges diákjainak &#8211; Interjú Szilágyi Judittal</a><br />
<a href="http://www.kronika.ro/archivum/offline/cikk/167025/iv-matematikai-tehetsegnap">IV. Matematikai Tehetségnap a Márton Áron Gimnáziumban</a><br />
<a href="http://eletmod.transindex.ro/?hir=18725">Matematikai kiállítás és logikai játszóház a csíki Sapientián</a><br />
<a href="http://www.e-nepujsag.ro/op/article/rendhagy%C3%B3-v%C3%A1lyi-gyula-k%C3%B6r">Rendhagyó Vályi Gyula kör (2013. április 27.)  &#8211; felhívás</a><br />
<a href="http://www.e-nepujsag.ro/op/article/k%C3%ADv%C3%A1ncsis%C3%A1gvez%C3%A9relt-matematikatev%C3%A9kenys%C3%A9gek-v%C3%A1lyi-gyula-matematikak%C3%B6r%C3%B6n">Kíváncsiságvezérelt matematimatika tevékenységek a Vályi Gyula matematikakörön (2012. december 8.)</a><br />
<a href="http://www.didaktika.ro/hirek/153-kivancsisagvezerelt-matematikatanitas">Kíváncsiságvezérelt foglalkozások a Florea Bogdan Gimnáziumban</a><br />
<a href="http://www.szekelyhon.ro/aktualis/csikszek/matematikai-tehetsegnap-csikszeredaban">Matematikai Tehetségnap a Márton Áron Gimnáziumban (2012. október 27.) &#8211; beszámoló</a><br />
<a href="http://www.szekelyhon.ro/videos/view/1855/matematikai-tehetsegnap-csikszeredaban.html">Matematikai Tehetségnap a Márton Áron Gimnáziumban (2012. október 27.) &#8211; videó</a><br />
<a href="http://www.szekelyhon.ro/magazin/tobb-mint-kilencven-ifju-matematikus-csikszeredaban">Matematikai Tehetségnap a Márton Áron Gimnáziumban (2011. október 22.) &#8211; beszámoló</a><br />
<a href="http://www.szekelyhon.ro/videos/view/1081/matematikai-tehetsegnap-a-mag-ban.html">Matematikai Tehetségnap a Márton Áron Gimnáziumban (2011. október 22.) &#8211; videó</a><br />
<a href="http://www.szekelyhon.ro/magazin/matematikai-tehetsegnap-a-marton-aron-gimnaziumban">Matematikai Tehetségnap a Márton Áron Gimnáziumban (2011. október 22.) &#8211; felhívás</a><br />
<a href="http://www.szekelyhon.ro/aktualis/udvarhelyszek/elkezdodott-az-ifju-tehetsegek-akademiaja">Ifjú tehetségek akadémiája 2. (2012) &#8211; beszámoló </a><br />
<a href="http://www.youtube.com/watch?v=ny8lrbMPyVQ">Ifjú tehetségek akadémiája 2. (2012) &#8211; videó (az udvarhelyi Digitál 3 TV tudósítása)</a><br />
<a href="http://www.szekelyhon.ro/aktualis/udvarhelyszek/ifju-tehetsegek-akademiaja-szekelyudvarhelyen">Ifjú tehetségek akadémiája 1. (2011)</a></p>

<p>Tevékenységeink média visszhangja: Tehetségnap a Báthory István Elméleti Líceumban Matematikai tehetségnap a Báthory István Elméleti Líceumban Matematika kör Kolozsvár és környéke tehetséges diákjainak &#8211; Interjú Szilágyi Judittal IV. Matematikai Tehetségnap a Márton Áron Gimnáziumban Matematikai kiállítás és logikai játszóház a csíki Sapientián Rendhagyó Vályi Gyula kör (2013. április 27.) &#8211; felhívás Kíváncsiságvezérelt matematimatika tevékenységek a [&hellip;]</p>
