{"id":1332,"date":"2013-09-13T17:30:31","date_gmt":"2013-09-13T15:30:31","guid":{"rendered":"http:\/\/simplexportal.ro\/?page_id=1332"},"modified":"2014-03-10T09:40:09","modified_gmt":"2014-03-10T07:40:09","slug":"tamogatoink-2","status":"publish","type":"page","link":"http:\/\/simplexportal.ro\/?page_id=1332","title":{"rendered":"T\u00e1mogat\u00f3ink"},"content":{"rendered":"<table border=\"1\">\n<tr>\n<th> <\/th>\n<th> <\/th>\n<th> <\/th>\n<\/tr>\n<tr>\n<td>Bethlen G\u00e1bor Alap (Magyarorsz\u00e1g)<\/td>\n<td><a href=\"http:\/\/www.szereda.ro\/\">bgazrt.hu<\/a><\/td>\n<td> <img loading=\"lazy\" class=\"alignleft\" style=\"border: 0px none; margin: 10px;\" alt=\"null\" src=\"http:\/\/www.simplexportal.ro\/logok\/sitelogo_bga.png\" width=\"120\" height=\"150\" \/>  <\/td>\n<\/tr>\n<tr>\n<td>Cs\u00edkszereda Polg\u00e1rmesteri Hivatala<\/td>\n<td><a href=\"http:\/\/bgazrt.hu\">bgazrt.hu<\/a><\/td>\n<td>\n<img loading=\"lazy\" class=\"alignleft\" style=\"border: 0px none; margin: 10px;\" alt=\"null\" src=\"http:\/\/www.simplexportal.ro\/logok\/magyar_logo.jpg\" width=\"240\" height=\"300\" \/>\n<\/td>\n<\/tr>\n<tr>\n<td>S.C. OXO S.R.L.<\/td>\n<td><a href=\"http:\/\/www.oxo.ro\/\">http:\/\/www.oxo.ro\/<\/a><\/td>\n<td><img loading=\"lazy\" class=\"alignleft\" style=\"border: 0px none; margin: 10px;\" alt=\"null\" src=\"http:\/\/www.simplexportal.ro\/logok\/oxo.jpg\" width=\"240\" height=\"300\" \/><\/td>\n<\/tr>\n<tr>\n<td>ING Service kft, Cs\u00edkszereda<\/td>\n<td><a href=\"http:\/\/www.ingservice.ro\/\">http:\/\/www.ingservice.ro\/<\/a><\/td>\n<td> <\/td>\n<\/tr>\n<tr>\n<td>Transilvania Trust, Kolozsv\u00e1r<\/td>\n<td> <a href=\"http:\/\/www.transylvaniatrust.ro\">www.transylvaniatrust.ro<\/a><\/td>\n<td><img loading=\"lazy\" class=\"alignleft\" style=\"border: 0px none; margin: 10px;\" alt=\"null\" src=\"http:\/\/www.simplexportal.ro\/logok\/logo.png\" width=\"240\" height=\"300\" \/><\/td>\n<\/tr>\n<tr>\n<td>Benignitas Humanitarian Association (Cs\u00edkszereda),<\/td>\n<td> <a href=\"https:\/\/www.facebook.com\/pages\/Benignitas-Szervezet\/228470777180302\">facebook oldal<\/a><\/td>\n<td><img loading=\"lazy\" class=\"alignleft\" style=\"border: 0px none; margin: 10px;\" alt=\"null\" src=\"http:\/\/www.simplexportal.ro\/logok\/beni.png\" width=\"120\" height=\"150\" \/><\/td>\n<\/tr>\n<tr>\n<td>S.C. Crown Cool S.R.L.<\/td>\n<td><a href=\"http:\/\/www.tcromania.com\">www.tcromania.com<\/a><\/td>\n<td><img loading=\"lazy\" class=\"alignleft\" style=\"border: 0px none; margin: 10px;\" alt=\"null\" src=\"http:\/\/www.simplexportal.ro\/logok\/tclogo.png\" width=\"120\" height=\"150\" \/><\/td>\n<\/tr>\n<tr>\n<td>S.C. Folemcom SRL, Cs\u00edkszereda <\/td>\n<td><a href=\"http:\/\/www.folemcom.com\">www.folemcom.ro<\/a><\/td>\n<td><img loading=\"lazy\" class=\"alignleft\" style=\"border: 0px none; margin: 10px;\" alt=\"null\" src=\"http:\/\/www.simplexportal.ro\/logok\/logo-folemcom.png\" width=\"120\" height=\"150\" \/><\/td>\n<\/tr>\n<tr>\n<td>Institutul de Formare Profesional\u0103 in Transporturi Rutiere, Cs\u00edkszereda<\/td>\n<td> <a href=\"http:\/\/www.ifptr.ro\">www.ifptr.ro<\/a><\/td>\n<td><img loading=\"lazy\" class=\"alignleft\" style=\"border: 0px none; margin: 10px;\" alt=\"null\" src=\"http:\/\/www.simplexportal.ro\/logok\/logo-ifptr.png\" width=\"120\" height=\"150\" \/><\/td>\n<\/tr>\n<tr>\n<td>SC Pal and Prodcom srl, Kolozsv\u00e1r<\/td>\n<td> <\/td>\n<td> <\/td>\n<\/tr>\n<\/table>\n","protected":false},"excerpt":{"rendered":"<p>Bethlen G\u00e1bor Alap (Magyarorsz\u00e1g) bgazrt.hu Cs\u00edkszereda Polg\u00e1rmesteri Hivatala bgazrt.hu S.C. OXO S.R.L. http:\/\/www.oxo.ro\/ ING Service kft, Cs\u00edkszereda http:\/\/www.ingservice.ro\/ Transilvania Trust, Kolozsv\u00e1r www.transylvaniatrust.ro Benignitas Humanitarian Association (Cs\u00edkszereda), facebook oldal S.C. Crown Cool S.R.L. www.tcromania.com S.C. Folemcom SRL, Cs\u00edkszereda www.folemcom.ro Institutul de Formare Profesional\u0103 in Transporturi Rutiere, Cs\u00edkszereda www.ifptr.ro SC Pal and Prodcom srl, Kolozsv\u00e1r<\/p>\n","protected":false},"author":1,"featured_media":0,"parent":0,"menu_order":0,"comment_status":"open","ping_status":"open","template":"","meta":{"footnotes":""},"class_list":["post-1332","page","type-page","status-publish","hentry"],"_links":{"self":[{"href":"http:\/\/simplexportal.ro\/index.php?rest_route=\/wp\/v2\/pages\/1332","targetHints":{"allow":["GET"]}}],"collection":[{"href":"http:\/\/simplexportal.ro\/index.php?rest_route=\/wp\/v2\/pages"}],"about":[{"href":"http:\/\/simplexportal.ro\/index.php?rest_route=\/wp\/v2\/types\/page"}],"author":[{"embeddable":true,"href":"http:\/\/simplexportal.ro\/index.php?rest_route=\/wp\/v2\/users\/1"}],"replies":[{"embeddable":true,"href":"http:\/\/simplexportal.ro\/index.php?rest_route=%2Fwp%2Fv2%2Fcomments&post=1332"}],"version-history":[{"count":17,"href":"http:\/\/simplexportal.ro\/index.php?rest_route=\/wp\/v2\/pages\/1332\/revisions"}],"predecessor-version":[{"id":1587,"href":"http:\/\/simplexportal.ro\/index.php?rest_route=\/wp\/v2\/pages\/1332\/revisions\/1587"}],"wp:attachment":[{"href":"http:\/\/simplexportal.ro\/index.php?rest_route=%2Fwp%2Fv2%2Fmedia&parent=1332"}],"curies":[{"name":"wp","href":"https:\/\/api.w.org\/{rel}","templated":true}]}}